te 2 + (-2 - -7 - (8 + 7)).
-8
Evaluate 7 - (-1 - -2 - (-28 - -24)).
2
What is 12 - (-20 + 1 - (17 - 18)) - 7?
23
-1 + (-27 - -35) - 0
7
What is 7 - (4 + -2 + 4 + (9 - 4))?
-4
-15 + 3 + (-24 + 14 - -20)
-2
5 + -1 + 1 - (-2926 - -2936)
-5
Evaluate 0 - (-4 + (-1 - 5) + 12 + -6).
4
What is -228 - -255 - (28 - -3)?
-4
Calculate 0 + -2 + 4 + (235 - 208).
29
What is (-4 - 3) + (-5 - (-2 - 4)) - -2?
-4
What is 13 + 1 - (28 - 42 - -14)?
14
What is 8 - ((0 - -1) + 4) - (6 - 4)?
1
Calculate (-1 + 1 - (5 - 5)) + 269 + -274.
-5
Calculate (-1 - 7) + (157 - 155) + -5 + -1.
-12
What is -1 + (-2 - (-2 + 7 + -14))?
6
(5 - (3 - 4)) + 2
8
(-22 - 10) + (30 - 10)
-12
What is the value of 5 + (0 - (13 - 8))?
0
What is -6 + 5 + (8 + -7 - -1 - 6)?
-5
What is (-2 - -4 - 2) + -3 - 5?
-8
Calculate (-7 - -21) + -22 + -3.
-11
Calculate (-50 - -21) + (12 - 10).
-27
Evaluate 16 + -20 + (3 - 7) + -2.
-10
What is the value of (6 - 2 - 12) + 0 - -19?
11
What is 27 + (-45 - (-4 - 17))?
3
Calculate -2 + 21 + 32 + -23 + (0 - 11).
17
Calculate 0 + -32 + -5 - (-86 - -76).
-27
Evaluate (-6 + 11 - -4) + (-10 - -7).
6
What is the value of 1 - 41 - (868 + -931)?
23
-24 - (-26 - 31 - -10)
23
Calculate -19 - ((10 - 4 - 2) + -4) - -1.
-18
Calculate -7 - (-12 + -3) - (7 + -2).
3
What is 4 + -6 + (-6 - -1)?
-7
Calculate 1 + -8 + 1 + -7 + 9.
-4
-30 + (-9 - -13) + 1 - -3
-22
What is 0 + 13 + (-123 - -110)?
0
What is 9 + -2 - (20 - (36 - 24))?
-1
Evaluate (-2 - 0) + (-1 - 0) - (-164 - -152).
9
What is the value of -1 + -1 + 20 + -30?
-12
What is 1 + (-3 - (5 + -11)) + (-6 - -6)?
4
What is the value of 28 + (15 - 6) + -76?
-39
What is -13 + (10 - 20) + 23?
0
-12 + (-27 - -48) - 24
-15
Evaluate 37 - (6 + (-3 - 1 - -8)) - -1.
28
Calculate -20 - (-27 + 22 + -1).
-14
Evaluate -9 + 8 + 4 + 5 + -7 - 13.
-12
What is the value of (7 - 41) + (-32 - -43)?
-23
Evaluate 5 - (2 - -2 - 2 - 7) - 4.
6
Calculate 28 - 45 - -10 - (-1 + 0 + 0).
-6
Calculate (13 + -30 + 0 - -8) + 30.
21
What is 2 - -6 - (-18 - -28)?
-2
What is (-4 - 43) + -15 + 75?
13
What is the value of 214 + -215 - (0 + 15)?
-16
Evaluate 8 + 1 + -24 + 4 - 10.
-21
What is the value of 30 - (7 - 22 - -31)?
14
What is (-3 - -3) + 11 - (-18 - -32)?
-3
What is -15 - (-1 + -16 + -1)?
3
What is 3 + 0 - (-1 - ((-6 - -12) + -1))?
9
What is (9 - (6 - (-14 - 8))) + 9?
-10
What is 31 + -8 + -10 + 7 - 14?
6
What is 8 - (-15 + 19) - 1?
3
Evaluate 15 - -14 - 23 - (2 + (1 - 5)).
8
(100 + -54 - 10) + (-8 - 0)
28
What is -3 - (-25 - -11) - 29?
-18
What is -4 - 11 - (-1 + (1 + -3 - 2))?
-10
Evaluate -4 - -13 - (28 + -15) - -5.
1
Evaluate (-1 - 2) + 21 + -13 + (-16 - 2).
-13
Evaluate 7 + (25 + 1 + -10 - 5) + -48.
-30
16 - (-2 + -1 - (-39 - -20 - -18))
18
Calculate 30 + -20 - 9 - (1 + -2 + -5).
7
What is the value of 0 + 21 + -21 + -7?
-7
What is 5 + 2 + 5 - 5 - (-6 - 1)?
14
What is (-59 - (24 + -68)) + (8 - (-1 + 2))?
-8
Calculate (7 - -2) + 23 - 10 - (2 - -2).
18
Calculate 7 - (15 - (-9 + -14 + 41)).
10
Evaluate -7 + (11 - (-2 + -6 + 5) - 5).
2
Calculate (-2 - 0) + (-13 + 3 + 15 - 7).
-4
What is the value of -17 + -14 + 10 + 1 - (1 - -5)?
-26
What is the value of 599 - 604 - (3 - (-1 - -4 - 10))?
-15
-2 + 1 - (89 + -80)
-10
What is the value of 16 + (5 - -11) + -25?
7
What is the value of -3 + 6 + -2 + 19 + -270 + 277?
27
Evaluate -10 + -2 + (10 - -6) + (-10 - 1).
-7
Evaluate (-4 + 9 - -9) + -21 + -1.
-8
Calculate 1 + -18 - (-278 - -265).
-4
What is the value of 4 - 2 - (73 + -55 + (-1 - 8))?
-7
What is the value of (-1 - 5) + (2 - (15 + -19))?
0
Evaluate -3 + (2 - 4) + 0 - (-6 - -3).
-2
What is the value of 45 + -24 - 13 - (-11 + 1)?
18
What is the value of -3 - (-3 - 2 - (7 - 2))?
7
What is the value of -1 - 7 - (32 - (33 - 16))?
-23
Evaluate (2 - 8 - -4) + (13 - 3).
8
What is the value of (-7 + 7 + 3 - (2 - -2)) + -3?
-4
What is the value of (-29 - -42) + (-1 - 1)?
11
What is 10 + -12 + -5 - (3 + -19)?
9
3 - -2 - (176 - 189)
18
What is 5 - (2 - (-6 - (5 + -18)))?
10
-7 + 0 - (-100 - -102 - (-1 + 5))
-5
What is the value of -3 + (12 - 11) + -2 + (-2 - -4)?
-2
Calculate (-6 - -20 - -4) + -10.
8
What is -31 + -1 + 67 + (36 - 96)?
-25
What is (-21 - -34 - -8) + 15?
36
Calculate 15 + 2 - (-12 + 0).
29
(-5 - 1) + 7 - ((5 - 7) + 9)
-6
-560 + 532 - (-1 - 9)
-18
What is the value of (-5 - (6 + 7 - 7 - 18)) + -11?
-4
What is -5 + (4 - (-12 - -4))?
7
Evaluate -12 + 42 + -28 - (0 + -6).
8
What is (-25 - -11 - -6) + (8 - (-4 - -7))?
-3
What is the value of 0 - (2 + -12 - (26 - 34) - 5)?
7
What is 13 + (-8 - -29) + -38?
-4
What is the value of 2 + (13 + -16 - (7 + 0 + 1))?
-9
What is the value of -9 - (-3 + 4 + (-20 - -8))?
2
-1 + -3 + -5 + 12 + 9
12
(-32 - -24) + 5 + -2
-5
What is -15 + (3 - (-1 + (-3 - 0)))?
-8
-12 - -17 - (1 + 1) - (6 + -3)
0
46 + (-21 - -19 - 29)
15
(-5 + 2 - -3) + 2 + -6 - -9
5
What is the value of 104 + -101 - (1 + (-5 - -6) + -15)?
16
0 - (8 - 21 - 12)
25
Evaluate 909 + -943 - (0 - -1 - 15).
-20
Evaluate 3 + -9 - -7 - 6 - (-14 - 3).
12
-62 + 35 + 36 + 19
28
What is -8 + (13 - (-1 + 6 + (-2 - -2)))?
0
Evaluate -8 + -1 - (23 - -1 - (-2 + 16)).
-19
(-5 + 0 - -6) + -7 + 8
2
Calculate 18 + 17 + (-17 - 28).
-10
What is 2 - (19 - (22 + (-4 - 4)))?
-3
Calculate -21 + 19 + -21 - -9.
-14
What is -23 - ((-15 - (11 + -20)) + (-2 - -10))?
-25
Evaluate (10 + -8 - -6) + -13 - (-1 - 0).
-4
Evaluate 37 - 48 - (-10 - 2).
1
What is 18 + -8 + (-5 - 1) + 3 + -37?
-30
-30 + 9 + (-6 - 7) + 1
-33
What is -1 + -1 + -8 + 3 + 5 - -5?
3
(-1 - 2) + -11 + -2 + 7
-9
Evaluate (-35 - -15) + 6 - (-2 + 0).
-12
-13 + (-4 - 1) + (19 - (20 - 6))
-13
Calculate 2 - 0 - (-24 + 36 + -2).
-8
What is the value of -10 - (-10 + (50 - 10) + -15)?
-25
Evaluate -20 - ((11 - (24 - (-9 + 15))) + 13).
-26
Calculate (-16 - (4 - -13 - 67)) + -4.
30
What is the value of 33 + -31 - (13 + -2) - (2 + -1)?
-10
What is 7 - (30 + (-12 - -9)) - 16?
-36
What is the value of (-11 - -1) + (-24 - -10) + (36 - -2)?
14
Calculate 754 + -764 + (-10 - -3 - -1) + -1.
-17
What is 0 + 6 + -11 - -9 - 6?
-2
What is the value of 19 + -10 + 7 + -5 + 2?
13
What is -10 + (14 - (-1 - 1))?
6
Evaluate -20 + (-10 - (1 - (14 + 5))).
-12
Calculate 21 + 1 - (7 + 8).
7
Calculate -2 + (7 - ((1 - 0) + -64 + 55)).
13
What is -13 - (1 - (40 - 16)) - 6?
4
What is -1 - (-8 - -4) - (287 - 289)?
5
Calculate -108 + 47 + 47 + -11.
-25
What is the value of (97 - (25 + 59)) + (-7 - -1)?
7
Evaluate -82 - -14 - (-44 - -4).
-28
Evaluate (1 - 6) + 0 + (-5 - (-3 + -7)).
0
Calculate (5 - -4 - 6) + (-5 - -10).
8
Evaluate 20 + -18 - -18 - 4.
16
What is the value of (11 - 13 - -2) + (8 - -2)?
10
-123 - -102 - (-19 + -1)
-1
What is -152 + 149 - (-3 + (4 - 1))?
-3
Evaluate -11 + (23 - (-7 + 16)) + (22 - -1).
26
Evaluate (34 - 29) + 7 + -5.
7
Calculate -13 + 21 + 19 - 25.
2
Calculate 12 - ((-3 + 5 - 6) + 11).
5
Calculate -9 - (-6 - (-8 + (-8 - -2))).
-17
17 + -38 + 24 - -23
26
What is the value of -19 + 11 + 1 + (-12 - 4)?
-23
What is -33 - (9 - 28 - 16)?
2
What is (16 - 26) + 3 + 5 + -8?
-10
16 + -3 + -14 - (-1 + 12)
-12
What is -15 + 22 + -15 + (7 - 4) + 24?
19
Evaluate -9 + (-17 - -25) + 1.
0
Calculate (4 - 1) + -1 + -178 + 190.
14
Evaluate -19 + (-23 - -20) + 17.
-5
What is 2 - (8 - (12 + -1 + -6))?
-1
Calculate 2 + (0 - -2) + -4 - 6 - -1.
-5
-5 - 0 - (275 + -299)
19
Evaluate (-104 - (-231 + 120)) + (-34 - (-1 + 2)).
-28
8 + 3 + -1 + 7 + -7
10
Evaluate -15 + -4 + 20 + -4 + -8.
-11
What is the value of 3 + 0 - (0 + 7 + 9)?
-13
What is (0 + -7 + (-66 - -67) - -5) + -10?
-11
24 + (-39 - -6) + 20
11
Evaluate (-47 - -67 - 30) + (3 - -1).
-6
-53 - -74 - (16 + 0)
5
Calculate (5 - -7) + 2 + -26 + (4 - -6).
-2
23 + (-10 - (-40 + 17)) + (-4 - 5)
27
(2 + 1 - (-1 + -1)) + 2766 + -2736
35
What is the value of 2 + (-6 - 3) + (23 - (-9 + 41))?
-16
What is -3 - (36 + -31 + -1 + 1)?
-8
Calculate -1 + 16 + (280 - 294).
1
Evaluate (-1 - -11) + -73 + 79 - -6.
22
-12 - (1 - 15 - (-24 + 9))
-13
What is the value of 15 - (-3 + 18 + 28)?
-28
What is (-14 - 1) + 5 - -4?
-6
Evaluate 12 - (3 + 64 + -33 + 13).
-35
(-32 - -36) + 3 + -27
-20
Evaluate (-42 - -12) + 6 + -3 + 4 + 0.
-23
What is the value of (-4 - 1) + (8 - 16 - -12)?
-1
Evaluate -1 + -1 + -2 + -3 + -3 + 1.
-9
Calculate 6 + (-8 - 4) - 5.
-11
(-12 - -30) + -29 + (4 - (15 + -2))
-20
Calculate (60 - (4 - -9)) + -22.
25
(-